. Let s(h) = -2 + b - 2 - 3*h. Determine s(-2).
3
Let f(i) = -i**2 - 4*i - 6. Let c be f(0). Let a(v) = -2*v - 1. Give a(c).
11
Let b be (-26)/39*18/(-4). Let z(s) = 6*s**3 + 0*s**3 - 3*s**b + 8*s**3. Suppose 3*m = 2*x - 0 - 17, -x - 5*m - 24 = 0. Determine z(x).
11
Let b(k) = k**3 - 11*k**2 + k + 12. Let h be ((-129)/(-86))/((-3)/(-32)) + -5. Determine b(h).
23
Let f be -2 + (0 - -5) + -6. Let w(r) = -8*r**2 - 8*r + 9. Let d(j) = -3*j - 2 - 2*j**2 - 5 + 9 + j. Let b(t) = -9*d(t) + 2*w(t). What is b(f)?
12
Let w(k) = k**3 + 5*k**2 + 7*k + 6. Suppose -24*z = 38*z + 248. What is w(z)?
-6
Let d(u) = -u**2 - 4. Let k = -12 - -10. Let m be 38/171 + 2/18*k. Give d(m).
-4
Let n = -8 + 10. Let b(p) = -p**3 - 5 - p**2 + p**2 - 4*p**n + 5*p + 7*p**2. Let m be 2*((-8)/(-10))/(20/50). Calculate b(m).
-1
Let p(t) be the second derivative of -t**3/2 + 3*t**2 + 4336*t. Let w(f) = -2*f - 2. Let h be w(-3). Calculate p(h).
-6
Let f be (82/(-287) + 12/(-7))*5. Let m(s) = s**3 + 11*s**2 + 11*s + 12. What is m(f)?
2
Let c(w) = -w**3 + 9*w**2 + 9*w - 5. Let q(g) = g**3 + 9 - 9*g + 3 + 0*g**3 - 8 - 10*g**2. Let z(y) = -4*c(y) - 3*q(y). What is z(7)?
-6
Let x(a) = a**2 + a + 3. Let l(p) = -4 + p**3 - 5*p**2 + 97*p - 2 - 90*p. Let k be l(3). Give x(k).
9
Suppose -5*p - 3*i = -4*i - 35, -2*i + 34 = 3*p. Let q(u) = -10*u + u**2 + 15*u - p + 0*u**2. What is q(-7)?
6
Let y be 40/220 - (-612)/22. Let d(n) = -27 - 2*n - y + 62. Give d(6).
-5
Let r(g) = g**2 - 8*g + 3. Suppose 22*z + 17*z - 78 = 0. Give r(z).
-9
Let o(b) = -2 + 12 - 3*b + 218*b**2 - b**3 + 2*b + 3*b**3 - 228*b**2. Calculate o(5).
5
Let q(z) = 81*z**2 - 80*z**2 - 4*z - 7 + 7*z. What is q(-6)?
11
Let x(z) = z - 1. Let y = -7 - -18. Suppose -5*o - 17 - 3 = 0, 0 = 5*m - 4*o - y. Let l(w) = 6. Let u(s) = m*l(s) - 2*x(s). What is u(-5)?
6
Suppose -2*b + 7*b = 0. Suppose 3*n + 19 = 5*o, b = 4*o - 4*n + 1 - 21. Let c(i) be the first derivative of -i**3/3 + 5*i**2/2 - 3*i + 13. What is c(o)?
3
Let p(c) = 3*c - 5. Suppose 3*r + 5*q - 40 = 0, -r = -3*q - 2*q + 20. Suppose -2*j + 6 = -r*j, -2*y + 8 = 5*j. Let t be (-6)/y*(-18)/3. Determine p(t).
7
Let r(p) be the first derivative of -3*p - 1/2*p**2 - 29. Determine r(0).
-3
Let y(v) = -v**3 + 5*v**2 + 5*v - 3. Let j(u) = u**3 - 5*u**2 - 4*u + 3. Let k(r) = -3*j(r) - 2*y(r). Let d = 174 + -169. Give k(d).
7
Let h = -308 - -204. Let s = h - -103. Let b(p) = -2*p**3 + p**2 + 2*p + 1. What is b(s)?
2
Suppose 0 = 2*d + 44 - 28. Let t(z) be the third derivative of -z**4/12 - 11*z**3/6 + 2*z**2. Calculate t(d).
5
Let m(v) = 5*v - 3. Let b be m(1). Let q(h) be the second derivative of -h**4/3 + h**3/3 - 3*h**2/2 + h. Calculate q(b).
-15
Let l(m) = m**3 + 2*m**2 + m - 3. Let f(o) = o + 15. Let g be f(-12). Let z(r) = -r. Let p be z(g). Give l(p).
-15
Let v(h) be the second derivative of h**4/12 - h**3/2 - 5*h**2/2 + 145*h. Give v(4).
-1
Let w(v) = -10*v + 24. Let b(d) = 9*d - 23. Let h(k) = 7*b(k) + 6*w(k). Give h(8).
7
Let f(u) be the first derivative of -u**2/2 + 47. Let g be ((-12)/8)/((-6)/(-32)). Let i be (3 - 0)/(6/g). Give f(i).
4
Let q(a) = a**3 - 5*a**2 - 2*a - 1. Let m(g) = -g**2 - g. Let d(f) = m(f) - q(f). Suppose -5*j + 2*t + 3*t = -20, -2*j + 3*t = -8. What is d(j)?
5
Let u(t) = -t + 15. Let i be u(13). Suppose 0*x = -x - i. Let s be (-3*2)/x - -3. Let h(w) = w**3 - 7*w**2 + 7*w - 3. Determine h(s).
3
Let j(k) be the first derivative of 0 - 26 - 10*k**2 + 4*k**2. Give j(-1).
12
Let w be (-20)/(-20) + (2/(-1) - 5). Let h(c) = 8*c + 43. Calculate h(w).
-5
Suppose 3*n + q - 5*q + 1 = 0, -3 = n - 2*q. Let t(r) = -n*r + 0*r - 3*r**2 - 1 + 4*r + 2*r. Let p = -104 - -105. Determine t(p).
-3
Let a = -4 - -7. Suppose 5*d - 5 = 5*s, -2*d = a*d + 5*s - 15. Let k(u) = u - 4. Let o be k(d). Let b(n) = -n**3 + n + 2. Calculate b(o).
8
Let l(f) = -f**2 + 3*f + 4. Let w be l(3). Let h(n) = 7*n**2 - 90 + 2*n - 13*n**2 + 9*n**2 - n**3 + 89. What is h(w)?
-9
Suppose 0 = -14*s + 2 - 30. Let p(u) = 6*u + 5. What is p(s)?
-7
Let i(g) = g**3 - 2*g**2. Suppose 58 + 4 = t - n, 3*t - 2*n = 182. Let c = t - 57. Give i(c).
-1
Let b(p) = -14*p + 1. Let z(n) = n**2 - 19*n + 2. Let h be z(19). Suppose -2*k - 13 = -5*f, -3*k - h = 4*f - 17. Calculate b(k).
-13
Let l(p) = 10*p**2 + 2*p + 1. Let w(b) = -2*b**2 - 4*b - 21. Let a be w(-7). Let n = a + 90. Give l(n).
9
Let h(i) = -2*i - 2. Let j be (-585)/81 + (3 - 100/36). Determine h(j).
12
Let m be (-1 - -4)*2/2. Let j(q) = -4 + 4*q - 6*q**2 - q**m - 9*q - 2. Calculate j(-5).
-6
Let n(k) be the first derivative of -k**4/8 + k**3/6 - 21*k**2/2 - 15. Let i(z) be the second derivative of n(z). What is i(4)?
-11
Suppose -2*u + 5*t + 14 = t, -29 = -2*u - t. Let x be (9/6)/((-5)/(-50)). Suppose -x*s = -u*s. Let y(f) = -f**2 - f + 6. What is y(s)?
6
Let k(t) = -t**3 + 2*t**2 + 7*t + 1. Let p(o) = -o**3 + 2*o**2 + 6*o + 1. Let h(m) = -3*k(m) + 4*p(m). Calculate h(-2).
11
Let p(i) be the second derivative of i**5/20 - i**4/3 - i**3/3 - i**2/2 - 16*i. Calculate p(5).
14
Let p(i) be the third derivative of -i**4/24 + 2*i**3/3 + 67*i**2 - 3. What is p(10)?
-6
Let n(y) be the first derivative of -y**2 - 6*y + 393. Give n(-10).
14
Let l(q) be the third derivative of q**6/120 - q**5/20 + q**4/24 - 28*q**2. Let x be l(2). Let a(j) = 3*j. What is a(x)?
-6
Let v(g) = 0 - 10 - g + 0. Suppose -1216 = 144*s + 8*s. Calculate v(s).
-2
Suppose 0 = -2*j - x - 19, -5*x + 10 = -5*j - 0*x. Let c(u) = u**2 + 4*u - 21. Let w be c(j). Let h(y) = -y + 5. Give h(w).
5
Let m(f) be the first derivative of f**3/6 - f**2/2 + 21*f - 21. Let u(d) be the first derivative of m(d). Determine u(4).
3
Suppose 3 = -5*x - 7. Let v = x + -3. Let j(g) = -g**3 - g**2 + g. Let f(p) = -7*p**3 - 10*p**2 + 9*p + 2. Let k(w) = -f(w) + 6*j(w). Calculate k(v).
-12
Let c be ((-33)/9)/((-4)/24). Let v = -14 + c. Suppose 7*y + v = 3*y. Let x(u) = 2*u**3 + 4*u**2 + 4*u + 3. Calculate x(y).
-5
Suppose 0 = -5*w + 10, -5*l + 5*w + 2 = -3. Let y(p) = 2*p - 17 - 22 - 15 + 51. Calculate y(l).
3
Let h(g) = 3*g**2 - 1. Suppose 5*k + 0 = 2*p + 70, 3*k - 43 = p. Suppose 0 = r + 2*z - 8, 5*r - 2*z = 4*r + k. Let u be 6/15 + r/20. Determine h(u).
2
Suppose -10*w = -5*w + 2*x - 32, 0 = -3*w - 4*x + 22. Let g(t) = -t**3 + 7*t**2 - 5*t - 3. Determine g(w).
3
Suppose 0 = 13*z - 12*z + 5. Let p(u) = -u. Let l(v) = -4*v - 6. Let s(d) = z*p(d) + l(d). Calculate s(-5).
-11
Let a(h) be the third derivative of -h**4/8 - 5*h**3/6 - h**2. Let r(u) = -34*u**3 - u**2 - 2*u - 1. Let b be r(-1). Suppose 4*f - 14 = -b. Give a(f).
10
Let v = 29 + 16. Suppose 5*l = 5*c + v, 0*l - 5*c = -2*l + 27. Let g(n) = 1 - n - 1 + 1. Determine g(l).
-5
Let y = -905 - -909. Let t(u) be the second derivative of -3*u**2 - y*u - u**3 + 0 - 1/12*u**4. Calculate t(-4).
2
Let h(r) be the third derivative of -10*r**2 - 1/6*r**3 - 1/8*r**4 + 0 + 0*r. Calculate h(-1).
2
Let u(r) be the third derivative of r**8/10080 - r**7/1008 + r**6/360 + r**5/15 + 12*r**2. Let y(h) be the third derivative of u(h). Calculate y(3).
5
Let i = 786 + -801. Let j(x) = -x - 24. Calculate j(i).
-9
Let j(u) be the first derivative of -u**5/120 - u**4/24 - 17*u**3/3 - 15. Let w(m) be the third derivative of j(m). What is w(4)?
-5
Let y(k) be the first derivative of -34 - 1/4*k**4 + 20*k - 1/2*k**2 + 0*k**3. Determine y(0).
20
Let c(a) = -a - 1. Let f(l) = -3*l**2 - 5*l + 5. Let v(d) = 3*c(d) - f(d). Let b(r) = r**2 + r - 4. Let p = 3 + -1. Let g(h) = p*v(h) - 5*b(h). What is g(3)?
10
Suppose 2*j = -4*h + 4, 0 = -5*h - 3*j + j + 7. Let t(c) = c**2 - 2*c - 3. Give t(h).
0
Suppose 4 - 1 = z. Suppose -100 = 4*m - 4*v, -m = -z*m - v - 35. Let a = 16 + m. Let g(n) = -n**2 - 7*n - 5. What is g(a)?
7
Let c(n) = -2*n**2 - 49*n + 18. Let y be c(-25). Let d(i) be the first derivative of -i**3/3 - 2*i**2 + 4*i + 2. Calculate d(y).
-17
Suppose -n - 12 + 0 = u, 0 = -2*n + 2*u - 16. Let w(o) = o + 6. Calculate w(n).
-4
Let c(h) be the first derivative of -h**3/3 - 15*h**2/2 - 32*h + 177. Determine c(-13).
-6
Let k(u) = 2*u**2 - 6*u + 4. Let b be (-3)/(-3) - ((-2 - 0) + -109). Let s be (-8)/(-14) + 384/b. Give k(s).
12
Let k(v) = 5*v**3 + v**2 - 8. Let o(q) = -14*q**3 - 2*q**2 + q + 23. Let t(x) = 17*k(x) + 6*o(x). Determine t(-4).
-6
Suppose 0 = -4*f + 2*f. Let i(h) be the third derivative of